re the prime factors of 259417575?
3, 5, 23, 50129
List the prime factors of 218156793.
3, 72718931
List the prime factors of 663836534.
2, 23, 14431229
What are the prime factors of 46653906?
2, 3, 13, 598127
List the prime factors of 2490381979.
263, 9469133
What are the prime factors of 904721472?
2, 3, 1570697
What are the prime factors of 1178457600?
2, 3, 5, 30689
What are the prime factors of 79015224?
2, 3, 19, 241, 719
List the prime factors of 262012440.
2, 3, 5, 89, 24533
List the prime factors of 541460087.
7, 77351441
What are the prime factors of 92760682?
2, 7, 431, 15373
What are the prime factors of 1770840099?
3, 7, 28108573
What are the prime factors of 258414260?
2, 5, 13, 911, 1091
What are the prime factors of 177565405?
5, 23, 29, 37, 1439
List the prime factors of 8201698.
2, 4100849
List the prime factors of 61842781.
7, 11, 13, 61781
List the prime factors of 125369141.
125369141
List the prime factors of 200804041.
173, 1160717
List the prime factors of 138227998.
2, 5303, 13033
List the prime factors of 990560983.
479, 2067977
List the prime factors of 140033633.
47, 2979439
What are the prime factors of 685526834?
2, 227, 1509971
List the prime factors of 3537257251.
11, 29233531
List the prime factors of 53443549.
29, 277, 6653
What are the prime factors of 56531666?
2, 28265833
What are the prime factors of 32232719?
32232719
What are the prime factors of 3997639753?
149, 26829797
List the prime factors of 4787645973.
3, 11, 19, 41, 186239
List the prime factors of 110591591.
11, 10053781
What are the prime factors of 357004572?
2, 3, 29750381
List the prime factors of 1711762810.
2, 5, 17, 23, 89, 4919
List the prime factors of 28815825.
3, 5, 41, 9371
List the prime factors of 605031058.
2, 4463, 67783
What are the prime factors of 14031214?
2, 37, 127, 1493
What are the prime factors of 1875663803?
13, 144281831
What are the prime factors of 361905279?
3, 120635093
What are the prime factors of 84120759?
3, 1721, 5431
List the prime factors of 979931867.
17, 2833, 20347
What are the prime factors of 71269304?
2, 17, 19, 27581
List the prime factors of 73630241.
7753, 9497
List the prime factors of 9108467.
19, 457, 1049
What are the prime factors of 1231060898?
2, 4987, 123427
List the prime factors of 415347667.
7, 8476483
List the prime factors of 991623178.
2, 7, 13, 5448479
List the prime factors of 4537830451.
7, 11, 17, 89, 3541
What are the prime factors of 2168999357?
7, 131, 337903
List the prime factors of 1342363420.
2, 5, 73, 919427
What are the prime factors of 1536917724?
2, 3, 3121, 13679
What are the prime factors of 1424071308?
2, 3, 11, 229, 47111
List the prime factors of 33756987.
3, 11, 37, 27647
What are the prime factors of 658073743?
47, 89, 157321
List the prime factors of 2182699207.
13, 17, 137, 72091
List the prime factors of 333742428.
2, 3, 197, 47059
What are the prime factors of 85711744?
2, 281, 2383
What are the prime factors of 83135156?
2, 13, 23, 5347
What are the prime factors of 2646145281?
3, 13, 29, 2339651
What are the prime factors of 339498299?
7, 281, 172597
What are the prime factors of 112575862?
2, 7, 8041133
What are the prime factors of 2001041856?
2, 3, 11, 28711
What are the prime factors of 679277590?
2, 5, 71, 149, 6421
What are the prime factors of 3433982925?
3, 5, 45786439
List the prime factors of 41030702.
2, 20515351
What are the prime factors of 71203850?
2, 5, 1424077
List the prime factors of 899149175.
5, 109, 181, 1823
What are the prime factors of 1992133435?
5, 1999, 199313
List the prime factors of 26152703.
1733, 15091
What are the prime factors of 1493367?
3, 23, 941
List the prime factors of 44053673.
44053673
List the prime factors of 158184982.
2, 2731, 28961
What are the prime factors of 2739780241?
11, 249070931
What are the prime factors of 292894996?
2, 73223749
List the prime factors of 72830150.
2, 5, 1456603
What are the prime factors of 263033933?
233, 1128901
List the prime factors of 3169951870.
2, 5, 316995187
List the prime factors of 1663451613.
3, 349, 176531
What are the prime factors of 62904102?
2, 3, 10484017
What are the prime factors of 997991974?
2, 7, 3607, 19763
List the prime factors of 378829154.
2, 11, 61, 282287
List the prime factors of 6447992692.
2, 127, 1087, 11677
What are the prime factors of 1420662744?
2, 3, 19731427
List the prime factors of 27289317.
3, 11, 311, 2659
List the prime factors of 148426155.
3, 5, 73, 15061
List the prime factors of 135008689.
23, 31, 189353
List the prime factors of 251622864.
2, 3, 71, 24611
List the prime factors of 155747975.
5, 613, 10163
List the prime factors of 199499480.
2, 5, 1009, 4943
List the prime factors of 6863942.
2, 59, 58169
What are the prime factors of 309745078?
2, 41, 3777379
List the prime factors of 1416436202.
2, 708218101
List the prime factors of 648064902.
2, 3, 108010817
List the prime factors of 3664587551.
19, 173, 1114873
List the prime factors of 70044147.
3, 47, 165589
What are the prime factors of 2063823209?
7, 42118841
What are the prime factors of 554942820?
2, 3, 5, 97, 983
List the prime factors of 803559882.
2, 3, 133926647
What are the prime factors of 969933654?
2, 3, 6451, 8353
What are the prime factors of 66122706?
2, 3, 13, 847727
List the prime factors of 40685499.
3, 4520611
List the prime factors of 495745783.
13, 193, 15199
What are the prime factors of 266007135?
3, 5, 17733809
What are the prime factors of 612542432?
2, 19141951
List the prime factors of 30978559.
30978559
List the prime factors of 190312960.
2, 5, 17, 4373
List the prime factors of 636106057.
636106057
What are the prime factors of 43013873?
7, 29, 211891
List the prime factors of 786098705.
5, 7, 22459963
List the prime factors of 2174453466.
2, 3, 29, 2389, 5231
List the prime factors of 3823645098.
2, 3, 7, 13, 359, 19507
What are the prime factors of 3197147467?
37, 83, 1041077
List the prime factors of 170126318.
2, 43, 607, 3259
List the prime factors of 3253806683.
3253806683
What are the prime factors of 3683765452?
2, 43, 307, 69763
List the prime factors of 7604166281.
7604166281
What are the prime factors of 885309458?
2, 11, 67, 641, 937
List the prime factors of 86308175.
5, 97, 35591
List the prime factors of 4310760726.
2, 3, 239486707
What are the prime factors of 82520611?
179, 461009
What are the prime factors of 2307416360?
2, 5, 3719, 15511
What are the prime factors of 6635613930?
2, 3, 5, 11, 1093, 18397
List the prime factors of 505670989.
9491, 53279
List the prime factors of 1555666334.
2, 59, 13183613
What are the prime factors of 756650907?
3, 1493, 56311
List the prime factors of 502651309.
502651309
List the prime factors of 58496462.
2, 163, 179437
What are the prime factors of 255881490?
2, 3, 5, 8529383
What are the prime factors of 3234181252?
2, 17, 47561489
What are the prime factors of 121980549?
3, 40660183
What are the prime factors of 1264215373?
17093, 73961
List the prime factors of 145156275.
3, 5, 11, 223, 263
What are the prime factors of 663867354?
2, 3, 23, 127, 37879
What are the prime factors of 27204676?
2, 23, 295703
List the prime factors of 401854011.
3, 13, 10303949
What are the prime factors of 64110571?
7, 73, 17923
What are the prime factors of 59246828?
2, 31, 477797
What are the prime factors of 437902933?
13, 643, 52387
List the prime factors of 175967584.
2, 13, 131, 3229
List the prime factors of 3555218086.
2, 7, 47, 223, 24229
What are the prime factors of 149922446?
2, 37, 2025979
List the prime factors of 2733389257.
31, 88173847
List the prime factors of 459509778.
2, 3, 7, 13, 23, 12197
List the prime factors of 39110678.
2, 193, 101323
What are the prime factors of 9498419463?
3, 13, 243549217
What are the prime factors of 145073325?
3, 5, 17, 113783
What are the prime factors of 5598300162?
2, 3, 7, 13, 1753, 5849
List the prime factors of 45769320.
2, 3, 5, 42379
What are the prime factors of 39321404?
2, 9830351
What are the prime factors of 8283253215?
3, 5, 67, 8242043
What are the prime factors of 6297156685?
5, 673, 997, 1877
What are the prime factors of 151753263?
3, 883, 57287
List the prime factors of 104285446.
2, 17, 3067219
What are the prime factors of 526945283?
29,